10 + -100201331?
-100202001
In base 7, what is 62333 - 2?
62331
In base 6, what is 443 - 51?
352
In base 2, what is -10000 - 11101011011?
-11101101011
In base 2, what is -101 - -11000110000000111?
11000110000000010
In base 8, what is -6 - 3212?
-3220
In base 13, what is -23 + -10576?
-10599
In base 8, what is 1576 + 177?
1775
In base 9, what is 4448 - 184?
4254
In base 14, what is -5 - -1b78?
1b73
In base 5, what is -1140 + 221334?
220144
In base 3, what is 2022012011 - 11?
2022012000
In base 9, what is 17512 - -67?
17580
In base 12, what is -2 - a35b?
-a361
In base 14, what is -12905 + 4?
-12901
In base 6, what is 215053 - -4?
215101
In base 6, what is 1052121 + -4?
1052113
In base 8, what is 6 - -44063?
44071
In base 5, what is -34 + 2224414?
2224330
In base 5, what is -2 + -113331?
-113333
In base 9, what is -254767 + -7?
-254775
In base 5, what is 2334 + -13?
2321
In base 8, what is 323163 + -40?
323123
In base 14, what is 1871b + 5?
18722
In base 2, what is 10000000 + 11011010?
101011010
In base 4, what is 102202211 + 0?
102202211
In base 6, what is 242120343 - -4?
242120351
In base 5, what is -110 - 3144331?
-3144441
In base 4, what is 33222 - -3?
33231
In base 16, what is 22 - -ba?
dc
In base 3, what is -10121120010 + 1010?
-10121112000
In base 11, what is -289258 - -2?
-289256
In base 10, what is -3849 - 16?
-3865
In base 16, what is 3 - -2baa?
2bad
In base 12, what is 314 + 41b?
733
In base 5, what is 32 - 1301120?
-1301033
In base 6, what is -3 - -121101?
121054
In base 16, what is 9 + -269?
-260
In base 3, what is -110022102 + 0?
-110022102
In base 8, what is -17 + -2167?
-2206
In base 5, what is 12322 + 14000?
31322
In base 5, what is -10 - 2012331?
-2012341
In base 8, what is 20651 - 16?
20633
In base 5, what is 120 - -100231?
100401
In base 9, what is -2176 + 118?
-2057
In base 16, what is 2a84 - -4?
2a88
In base 14, what is 1b + -b2?
-95
In base 3, what is -21202121 + -1?
-21202122
In base 14, what is 2 + 16a0d?
16a11
In base 5, what is -32122 - -1212?
-30410
In base 2, what is 110001101111000 + 10010?
110001110001010
In base 6, what is 500555 - -1?
501000
In base 10, what is 63 + -304?
-241
In base 10, what is 1 - 1085680?
-1085679
In base 15, what is 781b1 - -1?
781b2
In base 5, what is -11 + -34324432?
-34324443
In base 12, what is 117 + 6?
121
In base 7, what is 1445 + -2520?
-1042
In base 4, what is 22010212 + -11?
22010201
In base 4, what is 1301021 - -203?
1301230
In base 10, what is -6 + 445?
439
In base 10, what is -65 - -832?
767
In base 15, what is -d089 - 7?
-d091
In base 9, what is -264771 - -18?
-264752
In base 2, what is -10111000101010 + -100?
-10111000101110
In base 9, what is -3 + 22522?
22518
In base 10, what is -21 - -1455?
1434
In base 15, what is e2 + -435?
-343
In base 3, what is -220200202100 + 1?
-220200202022
In base 11, what is -3 + -77945?
-77948
In base 3, what is 2010 - -121220?
201000
In base 8, what is -2261 + 41?
-2220
In base 9, what is -136741 - -3?
-136737
In base 10, what is -537 - -134?
-403
In base 9, what is -120004 - 7?
-120012
In base 5, what is -102 - 411240?
-411342
In base 5, what is 4 - -30343020?
30343024
In base 8, what is 617065 + -5?
617060
In base 2, what is -1011001000110000 + 0?
-1011001000110000
In base 3, what is -10 + 110110012?
110110002
In base 13, what is -19 + b3a?
b21
In base 3, what is 10102 - 121112?
-111010
In base 14, what is 3 + -15601?
-155dc
In base 11, what is 9a - 475?
-386
In base 2, what is -110 + 101101101111?
101101101001
In base 14, what is -1 + -12114?
-12115
In base 10, what is -95 - 9055?
-9150
In base 4, what is 222 - -3222223?
3223111
In base 8, what is -16 + 124?
106
In base 2, what is -1010001110100 + -111110000?
-1011001100100
In base 6, what is 0 - -3055?
3055
In base 7, what is -211 + -2102?
-2313
In base 15, what is -94 + 79c?
708
In base 9, what is -867 + 864?
-3
In base 15, what is -5 - 65c22?
-65c27
In base 16, what is -5d + 3b?
-22
In base 15, what is -c - 95?
-a2
In base 11, what is 4493 + -16a?
4324
In base 12, what is 1 - 7096?
-7095
In base 8, what is 42160 - -27?
42207
In base 16, what is -3c - 3c?
-78
In base 3, what is 2012110022 + -1?
2012110021
In base 10, what is -26 - -2868?
2842
In base 10, what is 6 + 471907?
471913
In base 15, what is -5 + 259?
254
In base 4, what is -20322 + 122022?
101100
In base 13, what is 2 - -7008?
700a
In base 12, what is 449 - 174?
295
In base 10, what is 0 - -8303?
8303
In base 11, what is 36 + -651?
-616
In base 11, what is 113 - 4592?
-447a
In base 13, what is -2 - -46a555?
46a553
In base 10, what is -11 + 83056?
83045
In base 15, what is 9096 - 3?
9093
In base 4, what is 11233323 + 1001?
11300330
In base 6, what is -1 + -51344144?
-51344145
In base 6, what is 1312 + -141?
1131
In base 4, what is -213 - 21133?
-22012
In base 2, what is -110 - -101100001111011?
101100001110101
In base 7, what is 1154 + 11?
1165
In base 15, what is 148 - -26?
16e
In base 10, what is 559767 + -8?
559759
In base 6, what is 31 + -4553?
-4522
In base 14, what is -4 + 134512?
13450c
In base 6, what is 31535 - 104?
31431
In base 9, what is 132882 + -3?
132878
In base 4, what is 320133 + 0?
320133
In base 6, what is -13 - 113322?
-113335
In base 15, what is -294 - 44?
-2d8
In base 14, what is -217d - -2c?
-2151
In base 8, what is -647 - -4653?
4004
In base 5, what is 10 + 113041040?
113041100
In base 2, what is 1011001000111101 + 1?
1011001000111110
In base 5, what is 12431304 + -41?
12431213
In base 15, what is 23 + -10e?
-db
In base 6, what is -443305 - 1?
-443310
In base 16, what is 220a1 - 1?
220a0
In base 9, what is 1 - 3008418?
-3008417
In base 14, what is 5 - -2144?
2149
In base 16, what is -3707 - 7?
-370e
In base 2, what is 101010 - -1110110111011010?
1110111000000100
In base 3, what is -222211010011 - 20?
-222211010101
In base 7, what is 10 + 30030?
30040
In base 9, what is -324 - 561?
-885
In base 10, what is 1 - 391?
-390
In base 7, what is -13311 + 103?
-13205
In base 11, what is -645 + 73?
-582
In base 15, what is 2c7 - -1614?
18db
In base 4, what is -32 - 1330113?
-1330211
In base 7, what is -114 + -53410?
-53524
In base 4, what is 102301 + 231?
103132
In base 8, what is 25 - 764?
-737
In base 3, what is -12201100 + -2021101?
-21222201
In base 13, what is 460 + -13?
44a
In base 16, what is 1d01 + -5?
1cfc
In base 4, what is -11 - 1323013110?
-1323013121
In base 3, what is -2000201202 + 0?
-2000201202
In base 5, what is 433302 + -12?
433240
In base 11, what is -4856a + 42?
-48528
In base 10, what is -806106 - 3?
-806109
In base 14, what is -9 + -228a?
-2295
In base 10, what is -6 + -21875?
-21881
In base 6, what is -4 - -44533?
44525
In base 3, what is 12111221 - -12110?
12201101
In base 7, what is -15 - 13255?
-13303
In base 7, what is 1146202 + 2?
1146204
In base 5, what is -11 + -214421?
-214432
In base 8, what is 15702 - -44?
15746
In base 8, what is 5 + 6505064?
6505071
In base 7, what is 3013 + 11051?
14064
In base 6, what is -24021 + 215?
-23402
In base 3, what is 1 - 211100102?
-211100101
In base 8, what is 72372 - 2?
72370
In base 3, what is 0 - -102010201?
102010201
In base 9, what is -752 + -82?
-844
In base 5, what is -4204223 - 41?
-4204314
In base 15, what is 2 + -2e17?
-2e15
In base 4, what is -231 + 21221?
20330
In base 13, what is -5 - 1c2250?
-1c2255
In base 15, what is -22 - -c3c?
c1a
In base 8, what is 2720 + 657?
3577
In base 2, what is -10010 + -100110111110010?
-100111000000100
In base 8, what is 111 + 2311?
2422
In base 8, what is 40331 - -57?
40410
In base 13, what is 1037 - 47?
cc0
In base 16, what is -35 - -88?
53
In base 12, what is 19 - 5980b?
-597b2
In base 6, what is 512011 + 3?
512014
In base 8, what is -315057 + 2?
-315055
In base 3, what is 11201111220 + 121?
11201112111
In base 15, what is 17b5d - -3?
17b61
In base 13, what is -45b + -5a?
-4b8
In base 9, what is 205 + 1888?
2204
In base 7, what is -40 + -14662?
-15032
In base 6, what is 4 + -40422422?
-40422414
In base 4, what is -21 + 21212332?
21212311
In base 7, what is -462 + 21052?
20260
In base 9, what is -1756 - 483?
-2350
In base 4, what is -213032301 + -11?
-213032312
In base 4, what is -11 + -3212000023?
-3212000100
In base 14, what is -2 - 1231d?
-12321
In base 12, what is -1b33 - 25?
-1b58
In base 4, what is 2